the hundreds digit of 2321?
3
What is the tens digit of 90?
9
What is the thousands digit of 4820?
4
What is the thousands digit of 1853?
1
What is the units digit of 8227?
7
What is the tens digit of 856?
5
What is the tens digit of 17202?
0
What is the thousands digit of 50743?
0
What is the tens digit of 139?
3
What is the units digit of 134?
4
What is the ten thousands digit of 10557?
1
What is the thousands digit of 22999?
2
What is the hundreds digit of 15653?
6
What is the units digit of 96?
6
What is the hundreds digit of 1239?
2
What is the tens digit of 3209?
0
What is the thousands digit of 47561?
7
What is the units digit of 6107?
7
What is the ten thousands digit of 11575?
1
What is the hundreds digit of 814?
8
What is the thousands digit of 11417?
1
What is the tens digit of 922?
2
What is the units digit of 178?
8
What is the hundreds digit of 13752?
7
What is the hundreds digit of 2163?
1
What is the tens digit of 20868?
6
What is the ten thousands digit of 14302?
1
What is the thousands digit of 145156?
5
What is the thousands digit of 1263?
1
What is the thousands digit of 91505?
1
What is the hundreds digit of 1058?
0
What is the ten thousands digit of 61704?
6
What is the units digit of 27187?
7
What is the units digit of 679?
9
What is the units digit of 780?
0
What is the tens digit of 96829?
2
What is the tens digit of 810?
1
What is the units digit of 1475?
5
What is the units digit of 615?
5
What is the ten thousands digit of 34058?
3
What is the hundreds digit of 2946?
9
What is the thousands digit of 3464?
3
What is the hundreds digit of 1963?
9
What is the hundreds digit of 1347?
3
What is the thousands digit of 4991?
4
What is the units digit of 1014?
4
What is the units digit of 2251?
1
What is the units digit of 196?
6
What is the ten thousands digit of 19400?
1
What is the hundreds digit of 209?
2
What is the tens digit of 627?
2
What is the units digit of 66?
6
What is the tens digit of 18665?
6
What is the units digit of 9546?
6
What is the tens digit of 4890?
9
What is the hundreds digit of 781?
7
What is the units digit of 890?
0
What is the units digit of 1836?
6
What is the thousands digit of 73692?
3
What is the hundreds digit of 29381?
3
What is the ten thousands digit of 14330?
1
What is the thousands digit of 1183?
1
What is the units digit of 879?
9
What is the units digit of 626?
6
What is the thousands digit of 5794?
5
What is the units digit of 1792?
2
What is the tens digit of 52518?
1
What is the hundreds digit of 11489?
4
What is the ten thousands digit of 86526?
8
What is the hundreds digit of 46529?
5
What is the tens digit of 14847?
4
What is the tens digit of 106923?
2
What is the hundreds digit of 3902?
9
What is the thousands digit of 7702?
7
What is the hundreds digit of 1537?
5
What is the thousands digit of 33805?
3
What is the tens digit of 18209?
0
What is the hundreds digit of 1459?
4
What is the thousands digit of 7457?
7
What is the units digit of 2279?
9
What is the tens digit of 1041?
4
What is the thousands digit of 1957?
1
What is the ten thousands digit of 17980?
1
What is the hundreds digit of 7541?
5
What is the tens digit of 666?
6
What is the thousands digit of 33941?
3
What is the hundreds digit of 35133?
1
What is the hundreds digit of 2540?
5
What is the units digit of 29462?
2
What is the hundreds digit of 1040?
0
What is the tens digit of 37065?
6
What is the tens digit of 4160?
6
What is the thousands digit of 3738?
3
What is the units digit of 5706?
6
What is the units digit of 7937?
7
What is the units digit of 1579?
9
What is the hundreds digit of 641?
6
What is the thousands digit of 3458?
3
What is the hundreds digit of 1325?
3
What is the hundreds digit of 12719?
7
What is the units digit of 1542?
2
What is the units digit of 5009?
9
What is the tens digit of 768?
6
What is the units digit of 118?
8
What is the tens digit of 15702?
0
What is the tens digit of 3194?
9
What is the thousands digit of 1543?
1
What is the units digit of 2494?
4
What is the tens digit of 8067?
6
What is the thousands digit of 19674?
9
What is the units digit of 208?
8
What is the hundreds digit of 21141?
1
What is the thousands digit of 15176?
5
What is the tens digit of 2342?
4
What is the hundreds digit of 41274?
2
What is the tens digit of 44177?
7
What is the units digit of 3164?
4
What is the tens digit of 5640?
4
What is the thousands digit of 1613?
1
What is the units digit of 52108?
8
What is the tens digit of 416?
1
What is the units digit of 5585?
5
What is the tens digit of 244?
4
What is the units digit of 1294?
4
What is the thousands digit of 6655?
6
What is the tens digit of 40390?
9
What is the hundreds digit of 2725?
7
What is the units digit of 2073?
3
What is the hundreds digit of 13600?
6
What is the tens digit of 146270?
7
What is the thousands digit of 56992?
6
What is the units digit of 672?
2
What is the units digit of 479?
9
What is the units digit of 143288?
8
What is the hundreds digit of 193211?
2
What is the units digit of 2485?
5
What is the tens digit of 13007?
0
What is the thousands digit of 27823?
7
What is the tens digit of 3024?
2
What is the units digit of 5228?
8
What is the tens digit of 42360?
6
What is the hundreds digit of 3040?
0
What is the tens digit of 3686?
8
What is the tens digit of 1380?
8
What is the hundred thousands digit of 134843?
1
What is the hundreds digit of 40490?
4
What is the hundreds digit of 16249?
2
What is the thousands digit of 8534?
8
What is the units digit of 4514?
4
What is the thousands digit of 3748?
3
What is the ten thousands digit of 45285?
4
What is the hundreds digit of 40145?
1
What is the hundreds digit of 20805?
8
What is the units digit of 6906?
6
What is the ten thousands digit of 42823?
4
What is the units digit of 6192?
2
What is the units digit of 173?
3
What is the tens digit of 2522?
2
What is the hundreds digit of 57713?
7
What is the hundreds digit of 1911?
9
What is the hundreds digit of 195?
1
What is the hundreds digit of 1166?
1
What is the ten thousands digit of 10772?
1
What is the tens digit of 578?
7
What is the thousands digit of 92214?
2
What is the hundreds digit of 1866?
8
What is the hundreds digit of 6732?
7
What is the units digit of 2185?
5
What is the tens digit of 29?
2
What is the tens digit of 534?
3
What is the thousands digit of 25208?
5
What is the tens digit of 3627?
2
What is the hundreds digit of 33801?
8
What is the hundreds digit of 2509?
5
What is the hundreds digit of 6386?
3
What is the hundreds digit of 7141?
1
What is the hundreds digit of 40996?
9
What is the hundreds digit of 1738?
7
What is the ten thousands digit of 10169?
1
What is the units digit of 887?
7
What is the tens digit of 35594?
9
What is the ten thousands digit of 13203?
1
What is the units digit of 5070?
0
What is the thousands digit of 5369?
5
What is the units digit of 3611?
1
What is the hundreds digit of 2542?
5
What is the hundreds digit of 2364?
3
What is the thousands digit of 66785?
6
What is the thousands digit of 12898?
2
What is the hundreds digit of 1301?
3
What is the thousands digit of 7858?
7
What is the thousands digit of 121062?
1
What is the thousands digit of 8723?
8
What is the tens digit of 20058?
5
What is the tens digit of 958?
5
What is the units digit of 4118?
8
What is the hundreds digit of 460?
4
What is the thousands digit of 6034?
6
What is the tens digit of 27179?
7
What is the hundreds digit of 117961?
9
What is the thousands digit of 1626?
1
What is the thousands digit of 112663?
2
What is the hundreds digit of 148046?
0
What is the tens digit of 355?
5
What is the hundreds digit of 701?
7
What is the hundreds digit of 3443?
4
What is the tens digit of 872?
7
What is the thousands digit of 4175?
4
What is the hundred thousands digit of 113290?
1
What is the hundreds digit of 57107?
1
What is the hundreds digit of 959?
9
What is the units digit of 168?
8
What is the hundreds digit of 719?
7
What is the units digit of 1027?
7
What is the hundreds digit of 25811?
8
What is the thousands digit of 3000?
3
What is the tens digit of 16141?
4
What is the units digit of 25978?
8
What is the thousands digit of 1744?
1
What is the tens digit of 40846?
4
What is the unit